. Suppose g*a - 4*k - 14 = -0*a, -k - 1 = 2*a. Suppose 19 = 3*x + a. What are the prime factors of x?
2, 3
Suppose 3*a + 5*z - z - 27 = 0, -8 = -a - z. Let k = 8 - a. What are the prime factors of k?
3
Suppose 5*c - 75 = -5. Suppose -s = -3*k + 6 - 0, 0 = -4*k + 5*s + 8. Suppose -r - 2*w - 2 = 0, -4*w + c = k*r - 6*w. List the prime factors of r.
2
Let g(h) = h**2 - 3*h - 5. Let q be g(5). Let r(s) = 18*s**3 + q*s**2 + 4*s - 2*s - 19*s**3. List the prime factors of r(5).
2, 5
Let g be (-15)/2*(-2)/3. Suppose 38 = g*u + 8. List the prime factors of u.
2, 3
Let l be (-3 - (-1 - 4)) + -9. Let c = l - -26. What are the prime factors of c?
19
Let n be ((-4)/4)/(3/(-30)). Let b(w) = w**3 - 9*w**2 - 7*w - 3. List the prime factors of b(n).
3
Let c be (-6)/(-33) + 480/22. What are the prime factors of 36*(-3 - c/(-6))?
2, 3
Suppose j = -3*j + 20. Let i = j + -8. List the prime factors of ((-6)/(-8))/(i/(-12)).
3
Let i(p) = -7 - 9*p - 6*p**2 + 4*p**2 + p**2. What are the prime factors of i(-7)?
7
Let w = -5 - -7. Suppose 3*h + w*f = 45, h - f - 15 = -3*f. List the prime factors of (8/6)/(2/h).
2, 5
Suppose 0 = -9*p + 4*p + 375. What are the prime factors of p?
3, 5
Let f(s) = -1 - 4 + s + 5 + 1. What are the prime factors of f(2)?
3
Suppose 4 + 6 = q + 5*g, -2*q - 5*g + 10 = 0. What are the prime factors of (q - -1) + 17 + 3?
3, 7
Let r(h) = h - 1. Let w be r(6). Suppose w*i - 8*i = -99. List the prime factors of i.
3, 11
Let c be (6/(-4))/(3/(-6)). Let b(o) = -o**c + 5*o**2 + 1 + 5 + 0*o**3 + o. List the prime factors of b(5).
11
Suppose 2*n + 291 = 5*k, 0 = -k - 2*n + 69 - 18. List the prime factors of k.
3, 19
Let t(g) = g**3 - g**2 - 2*g - 3. Suppose -13*s = -15*s + 6. What are the prime factors of t(s)?
3
List the prime factors of (-5)/(((-8)/12)/2).
3, 5
Let i = -118 + 196. What are the prime factors of i?
2, 3, 13
Let x(m) = 16*m**2 - m + 5. List the prime factors of x(-3).
2, 19
Let j(d) = -d + 6. Let q be j(8). Let w(r) = -5*r - 1. What are the prime factors of w(q)?
3
List the prime factors of 4 - ((1 - 5) + -3).
11
List the prime factors of (-4)/12 + 1122/18.
2, 31
Let u be 2 - 1/((-3)/(-6)). Suppose u = 2*i - 8*w + 3*w + 1, 0 = -4*i + w + 25. Let k(r) = r. What are the prime factors of k(i)?
7
Let u(r) = -r**3 + 4*r**2 + 6*r - 4. Let t = -3 - -7. List the prime factors of u(t).
2, 5
Let d(b) = -3*b + 1. Let m be d(-1). Let q = m + -4. Suppose -n - n + 5*s - 21 = q, 3*n - 31 = -5*s. What are the prime factors of n?
2
List the prime factors of 4 + 5/(20/144).
2, 5
Let p(s) = -s + 16. Let f be p(10). Let d = -4 + f. Suppose -k + 8 - d = 0. What are the prime factors of k?
2, 3
Let f(o) = -o**3 - 7*o**2 - 6*o + 6. What are the prime factors of f(-6)?
2, 3
Suppose -3*i + 13 = 1. Let y be (0/(i/(-2)))/2. Suppose 22 = -y*t + 2*t. List the prime factors of t.
11
Suppose -2*m - 6 = 0, -d + 5*m = d - 125. List the prime factors of d.
5, 11
Suppose -3*p - a + 29 = 0, 0*a + 18 = 2*p + 2*a. Suppose -h + 2*h = p. What are the prime factors of h?
2, 5
Let r be 1899/45 + 8/10. Suppose -2*s + r = -35. What are the prime factors of s?
3, 13
Suppose -2*h - 2*h = 0. Suppose -u + h*u + 7 = l, -5*u = 2*l - 26. Let b = 6 - l. What are the prime factors of b?
3
Let r = 20 - 16. What are the prime factors of r?
2
List the prime factors of 10/2*98/10.
7
Let g = -41 + 62. List the prime factors of g.
3, 7
Let j(l) = -2*l**3 + 2*l**2 + 2*l + 1. Suppose 0*y + 3*d - 3 = -4*y, -5*y - 5*d = -10. Let f = y - -2. List the prime factors of j(f).
3
Suppose 0 = 4*y + 5*b - 20, -y + 8 = -0*y + 2*b. Suppose -5*c - 11 + 46 = y. What are the prime factors of c?
7
Let k(d) = 7*d - 14. List the prime factors of k(15).
7, 13
Suppose 0*x - 2*x = -80. Suppose 0*w = 2*w - x. What are the prime factors of w?
2, 5
Let f(x) = 4*x**2 - x. Let z be f(-1). Suppose 4*l - z*k + 25 = -l, 5*l = -2*k + 10. Let w(c) = c + 3. What are the prime factors of w(l)?
3
Suppose -2*z = -0*z. Suppose -5*v - 15 + 135 = z. List the prime factors of v.
2, 3
Let l be (-6)/(2 - (3 + 0)). Suppose -5*d - 4*z = -55, 3*d = z + 2*z + l. List the prime factors of d.
7
List the prime factors of 4 + 132 + 2/6*3.
137
Let y(r) = -2*r**2 + 3*r**3 - 2*r + 1 - 4*r**3 - 3*r**2. Let m be y(-5). Let g = m - 2. What are the prime factors of g?
3
Let s be 12/16*(10 - -2). Let r(v) = -v**3 + 10*v**2 - 6*v - 13. What are the prime factors of r(s)?
2, 7
Let y = -157 - -212. What are the prime factors of y?
5, 11
Suppose 3*f = -5*x + f + 1373, 2*x - 555 = 5*f. List the prime factors of x.
5, 11
Let z = 5 + -5. Suppose 3*l = 5*b - 13, z = -3*l + 7*l + b - 21. Suppose -o + 3 = 2*w - 2, l*w = -5*o + 25. What are the prime factors of o?
5
Let v = 50 + -8. What are the prime factors of v?
2, 3, 7
Suppose 5*q - 29 - 56 = 0. Suppose 2*v + 0*v - q = -y, 4*v - 20 = 0. List the prime factors of y.
7
Let x(h) = -2*h + 8. Let s be x(-6). Suppose -5*d = -u + 44, -7*u + 2*u - 12 = 4*d. Let o = d + s. List the prime factors of o.
2, 3
Suppose -g = 3*g. List the prime factors of (-14 - g)/(14/(-7)).
7
Suppose -2*u - u = 36. Let k be (u/(-8))/(6/4). What are the prime factors of 15 + 1 + 1 + k?
2, 3
Let w be ((-6)/(-15))/((-2)/160). Let h be w/6*(-9)/4. Suppose p = 3, -h = -k + 2*k - 5*p. What are the prime factors of k?
3
Let l(j) = 4*j - 2. Let q = 15 - 21. Let o be l(q). Let f = -8 - o. What are the prime factors of f?
2, 3
Let u(o) = o**2 + 2*o - 5. Let g be u(-4). What are the prime factors of 3 - (g + (-15 - -3))?
2, 3
Let f(g) = -8*g + 11. Let c be f(6). Let w = c - -52. What are the prime factors of w?
3, 5
Let r = 124 - 55. What are the prime factors of r?
3, 23
Suppose -5 + 17 = g. What are the prime factors of g?
2, 3
Suppose 4*z - 364 - 356 = 0. What are the prime factors of z?
2, 3, 5
Let p = -2 - -3. List the prime factors of (-3)/(6/(-20))*p.
2, 5
Let z(i) = -i**3 - 4*i**2 + 3*i + 2. List the prime factors of z(-7).
2
Let f = 7 + -3. Suppose -3*g + 2*v + 37 = 0, v - 15 = f*v. What are the prime factors of g?
3
Let j be 36/8*-2 - 3/3. Let s be -1 + 2 + 0 + 7. What are the prime factors of (s/j)/((-1)/5)?
2
Let u(r) = -4*r**3 + 8*r**2 - 7*r + 2. Let o(m) = -m**3 + m**2 - m. Let y(z) = 6*o(z) - u(z). Suppose 9*f = 11*f + 4. List the prime factors of y(f).
2
Suppose -3*h - 24 = 18. Let c = -1 - h. What are the prime factors of c?
13
Suppose -2*y + 4*y = 102. List the prime factors of y.
3, 17
Let u(l) = -l**3 + 4*l**2 - l. Let b be u(4). Let x = -2 - b. List the prime factors of x.
2
List the prime factors of ((-196)/8)/((-1)/2).
7
Suppose 5 = 4*n + 3*b, b = -3*n - n + 7. Suppose 5*x = 2*j + 56 + 64, -152 = n*j + 3*x. List the prime factors of 1/4 - j/8.
3
Let i = -6 + 58. List the prime factors of i.
2, 13
Suppose t - 3 = -2*o, 2*o - 1 = -t - 2*o. What are the prime factors of t?
5
Let v be 8/(-6)*1*-6. Suppose -4*s = -3*g + v*g - 25, -4*g - 21 = -5*s. Suppose w + 3*w + 40 = 4*r, s*r = -2*w + 15. What are the prime factors of r?
5
Suppose -2*t + 45 = -63. Let b = t - 75. What are the prime factors of -2 + -1 + (0 - b)?
2, 3
Let r be (-12 + 2 + -1)*-2. Let x be (-4)/r - 1444/44. Let s = x - -47. What are the prime factors of s?
2, 7
Suppose -2*d + 3*d + q = 34, 0 = -d + 3*q + 54. List the prime factors of d.
3, 13
Let j(t) = t**3 - 2*t**2 - 4*t. Let z be j(3). Let v(x) = -2*x - 2. Let w be v(z). What are the prime factors of -1 - 4/(w/(-13))?
2, 3
Let q(z) = -3*z**2 - z. Let p(r) = 10*r**2 + 3*r. Let v(k) = 4*p(k) + 11*q(k). List the prime factors of v(-1).
2, 3
Let u = -28 - -27. Let w(b) = -31*b - 1. List the prime factors of w(u).
2, 3, 5
Suppose 0 = 5*p - p + 8. Let b = p + 5. Suppose 3*o + 7*s = 3*s + 7, -b*s + 9 = 3*o. List the prime factors of o.
5
Suppose -2*i = 5*g + 186, 4*g - g - i = -105. Let c = -16 - g. List the prime factors of (-4)/10 - (-208)/c.
2, 5
Suppose -3*t + 6 = -0*t. Suppose -2*p - 8 = -4*p. Suppose 20 = p*l - t*l. List the prime factors of l.
2, 5
Suppose -5*h = -36 - 4. Let y be (-4)/h + (-79)/2. Let j = -27 - y. List the prime factors of j.
13
Let g(d) be the third derivative of -d**6/120 - d**5/10 - 5*d**4/24 - d**3 - 3*d**2. Let q be g(-6). Suppose -3*j + 0*j = -q. List the prime factors of j.
2
Suppose 3*t - 794 = 55. What are the prime factors of t?
283
Suppose -3*w - 51 = -3*f, -2*f + 2*w - 3*w + 25 = 0